{"id":6,"date":"2014-04-27T14:05:29","date_gmt":"2014-04-27T12:05:29","guid":{"rendered":"http:\/\/www.daun-gemuenden.de\/cms\/?page_id=6"},"modified":"2024-10-10T19:07:48","modified_gmt":"2024-10-10T17:07:48","slug":"buerger","status":"publish","type":"page","link":"https:\/\/www.daun-gemuenden.de\/cms\/buerger\/","title":{"rendered":"B\u00fcrger"},"content":{"rendered":"<div class=\"items-leading\">\n<div class=\"leading-0\">\n<div class=\"art-box art-post\">\n<div class=\"art-box-body art-post-body\">\n<div class=\"art-post-inner\">\n<h2 class=\"art-postheader\">Gru\u00dfwort des Ortsvorstehers<\/h2>\n<div class=\"art-postcontent\">\n<div class=\"art-article\">\n<p>Herzlich willkommen auf den Internet-Seiten<br \/>\ndes Stadtteiles Daun-Gem\u00fcnden!<\/p>\n<p>Als Ortvorsteher hei\u00dfe ich Sie Herzlich Willkommen. Mit unseren Internetseiten wollen wir Ihnen einen Eindruck von unserem Ort mit seinem reizvollen urspr\u00fcnglichem Dorfcharakter vermitteln. Gem\u00fcnden liegt in unmittelbarer N\u00e4he des Dauner Kurparks. W\u00e4hrend einem entspannenden, kurzweiligen Spaziergang durch den Kurpark, erreicht man unvermittelt die Kurstadt Daun. Der 250 Einwohner z\u00e4hlende Ort liegt in gef\u00e4lliger Lage an der M\u00fcndung des P\u00fctzbaches in die Lieser. Daher der Name Gem\u00fcnden. Inmitten des 1345 erstmals erw\u00e4hnten Ortes steht eine schmucke, kleine, wenig auff\u00e4llige Dorfkapelle, die dem hl. Donatus geweiht ist. Unweit des \u00f6stlichen Steilhangs der Lieser, nach kaum 200 m Aufstieg, erreicht man das Gem\u00fcndener Maar, umgeben von steilen Waldh\u00e4ngen, eingebettet in einem tiefen Trichter, es ist mit seiner Wassertiefe von 38m und dem Durchmesser von 325m das kleinste der drei Dauner Maare. Dennoch vermittelt es mit seinem lebendigen Boots- und Badebetrieb eine heitere und unbeschwerte Stimmung. Hier beginnt auch direkt Neben dem \u201eMoltkedenkmal\u201c einer der bekanntesten und sch\u00f6nsten Wanderwege des Eifelvereins, \u201cder Lieserpfad\u201c.<\/p>\n<p>Erreichen kann man uns mit dem Fahrzeug, wenn man die A1 \u00fcber die Abfahrt Daun verl\u00e4sst. Von hieraus liegt Gem\u00fcnden s\u00fcdlich von Daun in Richtung Manderscheid. Nat\u00fcrlich richtet sich unser Internetangebot auch an alle B\u00fcrger des Ortes Gem\u00fcnden Ich m\u00f6chte es nicht vers\u00e4umen alle Mitb\u00fcrgerinnen und B\u00fcrger von hier aus herzlich zu begr\u00fc\u00dfen. Hiermit verbinde ich meinen Dank an jeden einzelnen unserer Dorfgemeinschaft f\u00fcr die M\u00fchen die aufgebracht werden um die Attraktivit\u00e4t des Ortes zu erhalten und weiterhin zu steigern.<\/p>\n<p>Schauen Sie regelm\u00e4\u00dfig ins \u201evirtuelle Gem\u00fcnden\u201c um uns vielleicht auch mal \u201ewirklich\u201c zu besuchen.<br \/>\nIm \u00fcbrigen sind wir jederzeit f\u00fcr Anregungen und Kritik offen.<\/p>\n<p>In diesem Sinne viel Spa\u00df beim durchst\u00f6bern unserer Homepage!<\/p>\n<p>Hermann Sch\u00fcller<br \/>\nOrtvorsteher<\/p>\n<p><a href=\"https:\/\/www.daun-gemuenden.de\/cms\/wp-content\/uploads\/2014\/04\/Hermann1.jpg\"><img loading=\"lazy\" decoding=\"async\" class=\"alignnone size-medium wp-image-145\" src=\"https:\/\/www.daun-gemuenden.de\/cms\/wp-content\/uploads\/2014\/04\/Hermann1-213x300.jpg\" alt=\"Hermann\" width=\"213\" height=\"300\" srcset=\"https:\/\/www.daun-gemuenden.de\/cms\/wp-content\/uploads\/2014\/04\/Hermann1-213x300.jpg 213w, https:\/\/www.daun-gemuenden.de\/cms\/wp-content\/uploads\/2014\/04\/Hermann1.jpg 547w\" sizes=\"(max-width: 213px) 100vw, 213px\" \/><\/a><\/p>\n<p>&nbsp;<\/p>\n<\/div>\n<\/div>\n<\/div>\n<\/div>\n<\/div>\n<\/div>\n<\/div>\n<h2 class=\"art-postheader\">Ortsbeir\u00e4te<\/h2>\n<table style=\"width: 848px; height: 174px;\" border=\"0\" cellspacing=\"6\">\n<tbody>\n<tr>\n<td width=\"31%\"><span style=\"color: #000000;\">Hermann Sch\u00fcller<br \/>\n<\/span><\/td>\n<td width=\"35%\"><span style=\"color: #000000;\">M\u00fchlenweg 3A<br \/>\n<\/span><\/td>\n<td width=\"34%\"><span style=\"color: #000000;\">06592-2655<\/span><\/td>\n<\/tr>\n<tr>\n<td width=\"31%\"><span style=\"color: #000000;\">Benjamin Blank<\/span><\/td>\n<td width=\"35%\"><span style=\"color: #000000;\">Lanzerberg 12<\/span><\/td>\n<td width=\"34%\">015127023909<\/td>\n<\/tr>\n<tr>\n<td width=\"31%\"><span style=\"color: #000000;\">Matthias Lehnen<\/span><\/td>\n<td width=\"35%\"><span style=\"color: #000000;\">Lanzerberg 3<br \/>\n<\/span><\/td>\n<td width=\"34%\"><span style=\"color: #000000;\">06592-1753463<\/span><\/td>\n<\/tr>\n<tr>\n<td width=\"31%\"><span style=\"color: #000000;\">Stanislav Kundert<\/span><\/td>\n<td width=\"35%\"><span style=\"color: #000000;\">In der Quart 1<\/span><\/td>\n<td width=\"34%\"><span style=\"color: #000000;\">01633124576<\/span><\/td>\n<\/tr>\n<\/tbody>\n<\/table>\n","protected":false},"excerpt":{"rendered":"<p>Gru\u00dfwort des Ortsvorstehers Herzlich willkommen auf den Internet-Seiten des Stadtteiles Daun-Gem\u00fcnden! Als Ortvorsteher hei\u00dfe ich Sie Herzlich Willkommen. Mit unseren Internetseiten wollen wir Ihnen einen Eindruck von unserem Ort mit seinem reizvollen urspr\u00fcnglichem Dorfcharakter vermitteln. Gem\u00fcnden liegt in unmittelbarer N\u00e4he des Dauner Kurparks. W\u00e4hrend einem entspannenden, kurzweiligen Spaziergang durch den Kurpark, erreicht man unvermittelt die &hellip; <a href=\"https:\/\/www.daun-gemuenden.de\/cms\/buerger\/\" class=\"more-link\"><span class=\"screen-reader-text\">B\u00fcrger<\/span> weiterlesen <span class=\"meta-nav\">&rarr;<\/span><\/a><\/p>\n","protected":false},"author":1,"featured_media":0,"parent":0,"menu_order":0,"comment_status":"closed","ping_status":"closed","template":"","meta":{"footnotes":""},"_links":{"self":[{"href":"https:\/\/www.daun-gemuenden.de\/cms\/wp-json\/wp\/v2\/pages\/6"}],"collection":[{"href":"https:\/\/www.daun-gemuenden.de\/cms\/wp-json\/wp\/v2\/pages"}],"about":[{"href":"https:\/\/www.daun-gemuenden.de\/cms\/wp-json\/wp\/v2\/types\/page"}],"author":[{"embeddable":true,"href":"https:\/\/www.daun-gemuenden.de\/cms\/wp-json\/wp\/v2\/users\/1"}],"replies":[{"embeddable":true,"href":"https:\/\/www.daun-gemuenden.de\/cms\/wp-json\/wp\/v2\/comments?post=6"}],"version-history":[{"count":6,"href":"https:\/\/www.daun-gemuenden.de\/cms\/wp-json\/wp\/v2\/pages\/6\/revisions"}],"predecessor-version":[{"id":822,"href":"https:\/\/www.daun-gemuenden.de\/cms\/wp-json\/wp\/v2\/pages\/6\/revisions\/822"}],"wp:attachment":[{"href":"https:\/\/www.daun-gemuenden.de\/cms\/wp-json\/wp\/v2\/media?parent=6"}],"curies":[{"name":"wp","href":"https:\/\/api.w.org\/{rel}","templated":true}]}}